 -h + 177. What is the units digit of h?
9
Let l(o) = -20*o + 5. Let n be l(-5). Let i(d) = d**3 - 4*d**2 + 6*d - 12. Let q be i(4). What is the tens digit of n/6 + q/8?
1
Let k(p) be the third derivative of 0*p - 3*p**2 - 1/120*p**6 + 0 + 1/24*p**4 + 13/6*p**3 + 3/20*p**5. What is the units digit of k(9)?
2
Let k(a) = 17*a**2 - 1. Suppose -y + 0 = -2. Suppose -4*z + y = 4*c - 6*c, 4*z - 8 = 4*c. What is the units digit of k(z)?
6
Let s(d) = -d**2 - 35*d + 36. What is the units digit of s(-24)?
0
Let d = 180 + 186. What is the hundreds digit of d?
3
Let u(i) be the second derivative of 0 - 5*i - 1/6*i**3 + 1/3*i**4 - 3/2*i**2 + 1/20*i**5. What is the units digit of u(-3)?
9
Let g = 68 + 96. Let c be 2/3 + g/(-12). Let x = -9 - c. What is the units digit of x?
4
Let a = -8 + 11. Let s(y) = 2 + 0 - y**3 + a*y + 1 + 6*y**2 + 3. What is the units digit of s(6)?
4
Let l = 1726 - -928. What is the tens digit of l?
5
Suppose -42*y = -40*y - 266. Let z = y - 22. What is the hundreds digit of z?
1
Let l(v) = 9*v**3 - 2*v**2 - 2*v + 3. Let f(o) = o**2 + 6*o + 2. Let q be f(-6). What is the tens digit of l(q)?
6
What is the tens digit of (0 - (13 - 8))/((-4)/256)?
2
Suppose 0 = 5*g + u - 334, -5*g = -4*u - 390 + 51. Suppose 1 = 5*h - 39. Suppose g = 3*o - h. What is the tens digit of o?
2
Let m(n) = -3*n + 13. Let q be m(-24). Let p(f) = 10*f**2 - f + 2. Let w be p(2). Let z = q - w. What is the tens digit of z?
4
Let l be 18/14 - ((-8)/(-14))/2. What is the units digit of (-2 + 1)/l*-75?
5
Suppose 79663 = 44*x - 87757. What is the tens digit of x?
0
What is the units digit of (30 + -23)*967/7?
7
Suppose v + 3*k = 986, 3902 = -3*v + 7*v - 2*k. What is the tens digit of v?
7
Suppose 20 = 4*l, 514 = 2*r + 2*r - 2*l. Suppose r = 5*c - 324. What is the units digit of c?
1
Suppose -6*w = -11*w + 10. What is the tens digit of (w/4)/(7/154)?
1
Let j(c) = 5*c + 212. Let t be j(-42). Suppose 1 - 7 = -2*y. Suppose -q = -2, -t*r - y*q + 20 = -0*r. What is the units digit of r?
7
Let c(g) = g**3 + 7*g**2 + 7*g + 6. Let k be c(-6). Let w be ((-3)/9)/((18/(-3))/162). Suppose k*p + p = w. What is the units digit of p?
9
What is the hundreds digit of (-45 + 0)/((36/(-194))/18)?
3
Let v(u) = 39*u + 41. What is the hundreds digit of v(15)?
6
Let o = 903 - 525. What is the units digit of o?
8
Suppose 40*i - 11*i = 37961. What is the tens digit of i?
0
Let o(x) = -160*x**3 + 3*x + 3. What is the units digit of o(-1)?
0
Let s be 9/((-18)/8) + 9. What is the units digit of 168/s + (-12)/(-30)?
4
Let k be (-2 + 5/5)*765/(-1). Suppose k = -25*h + 30*h. What is the hundreds digit of h?
1
Suppose -p = -4*p + 54. Let b be 1 - (3 - 3) - p. Let n = b - -33. What is the units digit of n?
6
Let m = -87 + 261. Suppose 6*f - 3*f = m. What is the units digit of f?
8
Let c be 5 - ((-8)/(-2) + -3). Let k = -1 - -29. Suppose -k = -2*w + y, 2*w - 32 = c*y + 8. What is the units digit of w?
2
Suppose n - 4*m = -9*m, 0 = -5*m - 5. Suppose -4*d - 129 = -n*d. What is the tens digit of d/3 + (2 - 5)?
4
Let j(g) = -g**2 - 9*g - 5. Let t be 12*2*3/(-9). Let r be j(t). Suppose 0 = -0*n + r*n - 183. What is the units digit of n?
1
Suppose -2*d + 10 + 6 = 0. Let c = d - -1. Suppose -c = -5*b + 6. What is the units digit of b?
3
Let z(t) = -15 - t**3 + 5*t + t + 10*t**2 - 17. What is the tens digit of z(10)?
2
Let j be (-76)/(-20) + (-1)/(-5). Suppose 0 = j*b, 3*v - 4*b = -v + 108. What is the units digit of v?
7
Suppose -3*m + 8*m + 4*c - 10017 = 0, 8016 = 4*m + 2*c. What is the thousands digit of m?
2
Let x(p) = -6*p**3 + 8*p - 113. Let q(u) = 5*u**3 - 7*u + 113. Let f(b) = 7*q(b) + 6*x(b). What is the tens digit of f(0)?
1
Suppose -2*w + 7 + 9 = 0. Let p be (1 - w - -1)/(-2). Suppose -p = -o - 1. What is the units digit of o?
2
Let r = -557 - -1497. What is the hundreds digit of r?
9
Suppose -13*b + 54 = -4*b. Suppose -b*t = -282 + 24. What is the tens digit of t?
4
Let m(a) = 22*a - 7. Let i be m(2). Let b = 128 + -44. Let n = b - i. What is the tens digit of n?
4
Let g = -27 - -44. Suppose 0 = 5*z - 5*c + g - 92, -5*z = 3*c - 43. What is the tens digit of z?
1
Let m(l) = -1 + 20*l**3 + 8*l - 42*l**3 + 5*l + 5*l**2 + 21*l**3. What is the units digit of m(6)?
1
Let j be (1/1)/((-1)/(-65)). Let r = j - 31. What is the units digit of r?
4
Suppose f + 0*u = 2*u + 11, f - 8 = 3*u. Let q = 60 - f. Let l = -29 + q. What is the units digit of l?
4
Let q(d) = 2*d**2 - 33*d - 173. What is the tens digit of q(32)?
1
Let n be (-2)/3 + 1 + 7675/15. Suppose 5*i - n = o, i + i = 5*o + 191. What is the units digit of i?
3
Let n = -686 - -980. What is the tens digit of n?
9
Let o(v) = v + 1. Let d(q) = 4*q**2 + 28*q - 8. Let t(n) = d(n) - 3*o(n). What is the units digit of t(-9)?
8
What is the hundreds digit of -3 + 4/(((-5)/(-870))/1)?
6
Let r(k) = 480*k + 482*k - 963*k + 16. What is the units digit of r(9)?
7
Let a = 2129 - 1371. What is the hundreds digit of a?
7
Suppose 2*h - 423 - 2323 = 0. What is the thousands digit of h?
1
Suppose -205 - 110 = 5*t. Let i be t/(-27) + (-2)/(-3). Suppose i*s - 4*s + 47 = 0. What is the units digit of s?
7
Suppose 2203 = 18*f - 263. What is the units digit of f?
7
Let p(o) = o**3 + 5*o**2 - 4*o + 13. Let h be p(-6). What is the units digit of 33 + (h + 0 - 3)?
1
Let s be (3/(-9))/(3/(-54)). Let f(v) be the first derivative of 3*v**2 - 6*v + 22. What is the tens digit of f(s)?
3
Let y(u) = -u - 9. Let c be y(-15). Let s be c/4*32/24. Suppose 14 - 62 = -s*q. What is the tens digit of q?
2
Let s = -543 + 1875. What is the thousands digit of s?
1
Suppose 0 = -5*h + h + 4*f + 12, 5*h - 12 = 2*f. What is the hundreds digit of (-2*151/h)/(8 + -9)?
1
Let x = -7 + 10. Suppose 0 = -2*q - x*q, -2 = 2*p - q. Let h(y) = -34*y + 2. What is the units digit of h(p)?
6
Let o = -47 + 97. Suppose -49*h - 240 = -o*h. What is the units digit of h?
0
Let h = 77 + 0. What is the tens digit of h?
7
Let o = 614 - 129. What is the hundreds digit of o?
4
Let k(u) = -u**2 - 6*u + 7. Let f be k(-7). Suppose f*w = -3*y + 5*w, 0 = -y - w + 8. Suppose -y*s + 18 = -12. What is the units digit of s?
6
Suppose 2*q + 27 - 1253 = -4*r, 2*q - r = 1246. What is the hundreds digit of q?
6
Let y(c) = -c + 1. Let s(x) = x**2 + 2*x - 87. Let f(t) = s(t) + 3*y(t). Let i be f(0). Let l = 124 + i. What is the units digit of l?
0
Suppose -5*w = 2*p - 0*p - 1071, 3*p + 5*w = 1609. What is the tens digit of p?
3
Let u(y) = -y - y + 71 + 3*y. What is the units digit of u(0)?
1
Let m = 3541 + -1233. What is the thousands digit of m?
2
Let w = -2919 + 4431. What is the thousands digit of w?
1
Let k = 2551 + -1302. What is the tens digit of k?
4
Let k be (-123)/2*6/(-9). Suppose -5*a - 235 = 2*u + 3*u, -u + k = -a. What is the tens digit of 332/11 + 8/a?
3
Let p(h) = -4*h**3 - 3*h**2 + h**3 + 4 + 3*h - h**3 + 2*h**2. Let c be p(-2). What is the tens digit of 3/1 + -6 + c?
2
Let r = 3797 + -1859. What is the tens digit of r?
3
Let s(d) = 372*d - 11. What is the tens digit of s(2)?
3
Let t be 40 + (-3 - -7 - 2). Suppose 0 = 4*i - 2*i - t. What is the tens digit of i?
2
Suppose -6*k - 272 = -812. What is the units digit of k?
0
Suppose 3*p + 2*g + 49 = 0, 2*g - 5 - 6 = p. Let h be (4/(-12))/(1/p). Suppose h*k - 5*j = 70, -5*k + 3*j = j - 55. What is the units digit of k?
9
Let s = 27 + -51. Let w = s + 33. What is the units digit of w?
9
Let m(j) = j**2 + 3*j + 3. Let g be m(-3). Suppose -5*z + g = -37. Let u(t) = t**2 - 9*t + 9. What is the units digit of u(z)?
1
Let z(q) = q**2 + 5*q + 4. Let a be z(-6). Let o = a + -5. Suppose o*k - 139 = 91. What is the tens digit of k?
4
Let n be (-6)/24 - (-26)/8. Let k be (0/n)/((-1)/1). What is the units digit of 26 - (4/(-2) + k)?
8
Suppose d = -2*d - 5*z + 1924, 2*d - z = 1274. What is the hundreds digit of d?
6
Let z = -21 + 80. What is the units digit of z?
9
Let f = 34 - 15. Let p = -27 + f. What is the units digit of (-198)/p + 3/12?
5
Suppose 5*s = k + 255, 2*s - 7*s + 230 = 4*k. Suppose -5*w - s = -405. What is the tens digit of w?
7
Let s(o) be the third derivative of -o**4/24 + o**3/2 + 12*o**2. What is the units digit of s(2)?
1
What is the hundreds digit of (72/(-16))/(-9)*(-924)/(-1)?
4
Let q(k) = -3*k**3 - k - 1. Let u be q(-1). Let z = 17 - u. Suppose -2*h - z = -3*h. Wh